18 + -36 + 52.
49
What is the value of (-3 - -21) + 9 + (-12 - 11) - (0 + -14)?
18
What is 22 + 5 + 6 + -4 + -13 + 24 + 34?
74
What is the value of -83 + -18 - (52 + -60 - -5)?
-98
Evaluate -52 + (-55 - (-63 + 42)) + 39.
-47
Calculate -6 + -51 - (-549 - -521).
-29
Calculate 66 + -16 + 79 + -87.
42
Calculate 8 + (7 - 8) + (-4 + -5 - -17 - 30).
-15
What is -34 + 176 + -150 + (-9 + 3 - (-1 - -2))?
-15
Calculate -40 - (-10 - (-67 - -15 - -12)).
-70
What is the value of -9 + -5 + (-56 - -59 - (-2 + 0 + -4))?
-5
What is 7 - (39 - 9 - -1)?
-24
Evaluate (-4 - ((16 - 34) + 0 + 6)) + -12 - 34.
-38
What is the value of (-25 - 59) + 42 + 103?
61
Calculate -3 + 40 + (-326 - -321).
32
(9 - (9 - 24)) + -10 - 1
13
What is -52 + -29 + (128 - -8)?
55
What is -7 + -10 + 0 - (-12 + 19 - 12)?
-12
Calculate 43 - 23 - ((-15 - -16) + 28).
-9
What is 104 + -160 + 130 - -31?
105
13 + 2 + -23 - 45 - (0 - -17)
-70
What is 104 + -43 + -17 - 23?
21
3631 + -3623 - (3 - (-8 - (1 + (-4 - 0))))
0
Calculate (-121 - -1) + 31 - -41 - -57.
9
Evaluate 9 + 5 + -14 + 13 + -20.
-7
Calculate 4 + (-4 - (-3 - (11 + -7))) + -22.
-15
Evaluate -25 + (-15 + 9 - 11) + 21.
-21
Calculate -160 - 0 - (2239 + -2321).
-78
(0 - 0) + -68 + -93 + 151
-10
What is -68 + (-79 - -157) + (-1 - (-1 + -37))?
47
What is the value of 78 + 107 + -63 - 70?
52
What is the value of -630 + 580 + 2 + 4?
-44
Evaluate (-13 - (-1 + -17)) + 5 + -60 - -15.
-35
20 + 34 - ((-5 - (-7 + 5 + 7)) + 8)
56
Calculate 6 + 13 + -6 + -5 - (25 + -23 + -6).
12
What is -114 - -77 - -6 - 59?
-90
What is (-8 - -21) + 11 + -6 + -10 + 1 + -45?
-36
Evaluate (0 + -1 - -3) + (15 - (36 + -5 + 12)).
-26
Calculate -6635 + 6631 + (-2 - (-57 - 1 - 2)).
54
Calculate 11 + (-173 - -142) + (-4 - 1) - 9.
-34
What is 15 + -38 + -30 + -10 + 1 + 3?
-59
-3 - (0 + -50 + 131 + -166 + 51)
31
What is -25 + 47 + 11 + -55?
-22
Calculate (-14 - (-1 + (4 - 11))) + 17 + (22 - -3).
36
Calculate 29 - (-30 - (1 + -61)).
-1
What is the value of 5424 + -5348 - (67 - 1)?
10
What is ((-14 - -55) + 46 - 43) + (1 - -10)?
55
Evaluate 24 + 1 + 0 + (2 - 2) + -18784 + 18777.
18
What is the value of (-85 - (130 + -120)) + 122?
27
Calculate -15 - (4 - (66 - (-12 + 40))).
19
Calculate (11 + 0 - -2) + (-11 - -11 - 68).
-55
Evaluate (2 - 8) + 12 + (-13 - 10) + 27.
10
What is (8 - 22) + -24 + 147 + -21?
88
Evaluate (8 - -23) + -50 + -16 + 0.
-35
Evaluate 43 + 10 + -10 + 7 + -8 + 3.
45
What is the value of 7 - 0 - ((-47 - -23 - 24) + 13)?
42
Evaluate (28 - 36) + (16 - 10 - -2).
0
Calculate 3389 + -3365 + (-3 - -1).
22
Calculate (18 + -31 - 19) + 27 - (-2 - -97).
-100
-39 + 1 - (-1 + 20 + -38)
-19
What is 64 - (6 - -4) - 25?
29
What is the value of (1 - 3) + (-7 - (5 + -14)) + (-151 - -77)?
-74
Evaluate 8 + -3 + (-29 - 0) + (21 - 24).
-27
Evaluate ((-17 - -7) + 20 - (19 - 12)) + -11.
-8
What is -38 - (-9 - (-47 - -72))?
-4
What is the value of -13 - (7 - ((0 - -10) + 1)) - -27?
18
18 + 28 + -49 - -4
1
85 - (88 + 103 + -65)
-41
Evaluate -345 + 434 - (1 - (-1 - 0 - 3)).
84
What is -28 - (7 - 13 - 1)?
-21
What is the value of -16 - (41 + 10 + -58 - (-8 + 0))?
-17
Evaluate -173 - (-4 + -90) - -102.
23
What is the value of (-8 - -35) + (-15 - 6) + -88 - (-11 - 0)?
-71
What is the value of -76 - -4 - (-3 + 26 - (-12 + (21 - -10)))?
-76
Evaluate -24 + (12 + -17 - -9 - 4) - -177.
153
What is (-2 + 73 - 84) + (0 - -2 - (-1 - 53))?
43
Calculate (-14 - (-10 + -18) - 7) + (-1 - 18 - -1).
-11
-13 - (16 + 0 - (539 + -545))
-35
-9 + 0 - ((26 + (-14 - -6) - -12) + -123)
84
What is ((-7 - (11 + -19)) + -5 - -12) + -14?
-6
What is -40 - (30 + -154 - -32 - 8)?
60
(-11 - 0) + (-60 - (-39 + -13))
-19
What is the value of 19 - (-6 + (5 + -8 - (1 - 13)) - 0)?
16
What is the value of (-47 - (-47 + -24)) + -39?
-15
What is -66 + -68 + 120 - (-2 - 31)?
19
What is 18 + (-6 + 24 + -50 - -23)?
9
What is 6 - (18 + 1 + -4 + 1)?
-10
What is the value of (-32 - -1) + 1 - (1124 + -1138) - -66?
50
Calculate -35 + 0 + 1 - (-25 + (-9 - -36)).
-36
What is the value of -26 - ((-106 - -118) + -2 + -72)?
36
What is -30 + 54 + -47 - (-35 - 0)?
12
Evaluate -14 + (-12 - (-2 - -14)) + -42.
-80
Calculate -29 - (5 - 1 - (-449 + 417)).
-65
What is -2356 + 2373 + 46 + -1 - -4?
66
What is the value of -2 + 18 + 901 + -959?
-42
What is the value of (3 - 8) + (-10 - (-53 + 1 + 1 + 3))?
33
Evaluate -6 - 0 - (163 + -139).
-30
(13 - (-33 - -7)) + -21
18
Calculate -2108 + 2169 - (-1 - -124).
-62
What is 23 - (38 + 8 + -6)?
-17
Evaluate 19 + (22 + 0 - (-81 - -72 - -31)).
19
Calculate (-3 - 50) + -37 + 6 + 35.
-49
Evaluate 229 + (261 - 450) - (1 - 24).
63
What is the value of (-28 - -21) + (15 - 0) - -9?
17
10 + -285 + 155 + 199
79
Calculate (6 - (-67 + 98)) + (-126 - -3).
-148
Calculate 17 + 7 + -2 + -13 - (-15 - 0).
24
Evaluate (-31 - (-14 + -4 - -3)) + (21 - -4).
9
What is -2 + (11 - 7) - (306 - 237)?
-67
(34 - 7) + -28 + -8
-9
Calculate -2 + 2 - (-53 + (-18 - -85)).
-14
What is -4 + 18 + (17 - 1) + -1 + -6?
23
What is (-87 + 45 - 55) + (4 - -2)?
-91
Evaluate -54 + 10 + -40 - -131.
47
What is the value of 128 + (60 - 112) - 73?
3
-8 - -4 - (-26 - (12 + (-9 - -9)))
34
(61 - (-38 + 67)) + -33
-1
Calculate -6 - ((-12 + 18 + 5 - 5) + -95).
83
Calculate -1 + (-17 - (-6 + -1 + -8)).
-3
What is -30 + (-4 + 25 - -12)?
3
Evaluate 3 + -3 + -41 + -2 + -78 + 81 - -12.
-28
What is the value of (109 - (-24 - -158)) + -3 + 3?
-25
Evaluate -14 - ((27 - 20) + -23) - 50.
-48
What is -184 - -159 - (-33 + -3)?
11
15 - (-184 + 215 + 0 + 6)
-22
What is -3 + -19 - -46 - (10 + -5)?
19
What is 17 - (1 - 3) - (1377 - 1287)?
-71
Calculate -8 + 31 + -66 + -4 + 17.
-30
What is 14 + (34 - (14 + -13)) + (36 - 20)?
63
Calculate -12 - ((0 - -1) + -8 - (35 - -11)).
41
Calculate 54 + 3 + (-6349 - -6148).
-144
21 + (-56 - -10) + 31 + 8
14
What is 1 + (-5 + -23 + 16 + -2 - 113)?
-126
Evaluate -9 + 33 + -4 - (5 + -11 - -83).
-57
Calculate 125 + 34 + -74 + -1.
84
-20 - -4 - 69 - (13 + -32)
-66
Evaluate -1 + 1 + -1 + -19 - (249183 + -249166).
-37
7419 + -7480 + 0 + -63
-124
275 + -31 + -66 - 128
50
Evaluate -56 - (-138 - (-61 - -33)).
54
What is the value of (2 - 0) + -13 + (577 - 482) + 17?
101
Calculate -32 + 17 + 1 + 26 - 46.
-34
Calculate 30 - ((-18 + -27 - -10) + -25).
90
Evaluate 12 - (77 + (-2 - (-13 + 1 - (6 - 10)))).
-71
Calculate (53 - -1) + 3 + (-117 - (-60 + -51)).
51
What is the value of (-35 - (-3 + -1)) + (-16 + 16 + 16 - 13)?
-28
Evaluate 2 + 14 + 2 - (3013 + -2953).
-42
Evaluate (3 + -18 - (2 - 2 - (-239 - -239))) + -10.
-25
(4541 - 4458) + -15 + 1
69
What is 39 + -59 + -51 + 68?
-3
What is the value of (61 - (-76 + 49)) + -70?
18
Calculate (48 + 6 - (4 + 10 + 0)) + 23 + -9.
54
What is -1 + 19 + -4 - 12 - -7 - 8?
1
What is the value of 4 - ((-2 + 4 - -3) + (13 - 13))?
-1
0 - -21 - ((-16 - (-53 + 24)) + -7)
15
Calculate 34 + (4 - 50) + 542 + -531.
-1
Calculate (-5 - -9) + 8 + 26 + -53 + -14.
-29
What is the value of (-63 - (-49 + 94)) + -5 - (1 + -4)?
-110
0 + 9 + -59 + 23 + 42 + -11
4
Calculate (236 - 224) + (9 + 22 - 3).
40
What is the value of -35 + 32 + (8 - 11 - -10 - 22)?
-18
What is 0 + 24 - ((62 - 105) + -16)?
83
(26 - 25) + 2 + (17 - -5)
25
Calculate 3 + 54 - (-659 + 679).
37
What is (41 + 16 - -82) + -21?
118
What is the value of (-56 - (-13 - -12 - 6 - -5)) + -7?
-61
Calculate -20 + 26 + (-5 - 17) - -24 - (12 + -2).
-2
What is the value of (-53 - 6) + (172 - 75)?
38
Evaluate 8 + 12 + 32 + 32 + -68.
16
What is the value of (-1 + -1 - (10 - ((-12 - -27) + 1))) + 60?
64
What is -3 - (51 + -34 + -14)?
-6
(34 - 23) + 5 - (-17 - 3)
36
What is the value of -3 + 0 + 7 + -71 + 19 + -18 + -12?
-78
Evaluate -4 - (-30 + 13 + -35) - 2.
46
What is -42 + (1 - 0) + 853 + (-571 - 277)?
-36
Calculate ((2 - 17) + -2 - -29) + 10.
22
Evaluate 25 - (77 + -65) - (2 + 14 + 2).
-5
Evaluate (-68 - 3 - (-3 + 1)) + -2 + 11 - -10.
-50
Calculate (7 + 14 - 14) + (-3 - 4) + -20.
-20
What is the value of -16 - 11 - (-53 - -41)?
-15
What is (-13 - -4) + 3 + 38 + 10 + -9?
33
What is 1 + -1 + -16 + 35 + -18 + -9?
-8
-51 + 30 - (33 + -117)
63
What is the value of 6 + (-5 - 1) + (50 - 96)?
-46
What is the value of 29 - -5 - (-39 - (-19 + -10))?
44
Calculate -2596 - -2583 - (1 + -15).
1
What is (-51 + 77 - -66) + -75?
17
(63 - (53 - -8) - (0 - 41)) + -14
29
What is 9 - -5 - (-69 + 26)?